{"id":4093,"date":"2021-05-09T11:21:59","date_gmt":"2021-05-09T09:21:59","guid":{"rendered":"https:\/\/encretplomb.ch\/?page_id=4093"},"modified":"2022-10-31T13:17:37","modified_gmt":"2022-10-31T12:17:37","slug":"portes-ouvertes-2021","status":"publish","type":"page","link":"https:\/\/encretplomb.ch\/index.php\/portes-ouvertes-2021\/","title":{"rendered":"Portes ouvertes de l&rsquo;Atelier-Mus\u00e9e 2022"},"content":{"rendered":"\n<h2 class=\"wp-block-heading\">Journ\u00e9e portes ouvertes 2022<\/h2>\n\n\n\n<p style=\"font-weight: 400;\">Comme l\u2019an dernier, nous vous attendons \u00e0 la journ\u00e9e \u00ab\u00a0portes ouvertes\u00a0\u00bb \u2026<\/p>\n<p style=\"font-weight: 400;\"><strong>\u2026le samedi 19 novembre 2022 de 10 heures \u00e0 16 heures\u2026<\/strong><\/p>\n<p style=\"font-weight: 400;\">\u2026avec une invit\u00e9e de marque, Ga\u00eblle Garrocq, linograveuse\u00a0!<\/p>\n<p style=\"font-weight: 400;\">Outre la pr\u00e9sentation de son mat\u00e9riel, Ga\u00eblle Garrocq gravera sous vos yeux et il y aura deux ateliers d\u2019initiation \u00e0 la gravure (\u00e0 10h30 et \u00e0 13h30) pour le public.<\/p>\n<p style=\"font-weight: 400;\">Les \u0153uvres grav\u00e9es seront ensuite imprim\u00e9es et les auteurs partiront avec un tirage.<\/p>\n<p style=\"font-weight: 400;\">Comme lors de chacune de nos \u00ab\u00a0portes ouvertes\u00a0\u00bb, tous les \u00e9quipements seront d\u00e9montr\u00e9s et les quatre m\u00e9tiers traditionnels de l\u2019Atelier-Mus\u00e9e seront mis en valeur par les Compagnons.<\/p>\n<p>Plus d\u2019informations dans la <a href=\"https:\/\/encretplomb.ch\/index.php\/gazette\/\" rel=\"noopener\">Gazette du Mus\u00e9e<\/a> qui para\u00eetra \u00e0 mi-octobre 2022 et <a href=\"https:\/\/encretplomb.ch\/wp-content\/uploads\/2020\/04\/Plan-acc\u00e8s-AEP.jpg\" target=\"_blank\" rel=\"noopener\">pour nous trouver<\/a>.<\/p>\n<p style=\"font-weight: 400;\">Merci de r\u00e9server cette date et d\u2019ores et d\u00e9j\u00e0, bienvenue \u00e0 Encre &amp; Plomb\u00a0!<\/p>\n<p><a href=\"https:\/\/encretplomb.ch\/\"><img data-recalc-dims=\"1\" loading=\"lazy\" decoding=\"async\" class=\"alignleft\" src=\"https:\/\/i0.wp.com\/encretplomb.ch\/wp-content\/uploads\/2021\/06\/93634.png?resize=45%2C45&#038;ssl=1\" alt=\"\" width=\"45\" height=\"45\" \/><\/a><\/p>\n\n\n\n<div class=\"wp-block-columns is-layout-flex wp-container-core-columns-is-layout-d0b3c9c8 wp-block-columns-is-layout-flex\">\n<div class=\"wp-block-column is-layout-flow wp-block-column-is-layout-flow\">\n<figure class=\"wp-block-image size-large\"><img data-recalc-dims=\"1\" loading=\"lazy\" decoding=\"async\" width=\"580\" height=\"435\" data-attachment-id=\"5665\" data-permalink=\"https:\/\/encretplomb.ch\/img_7358\/\" data-orig-file=\"https:\/\/i0.wp.com\/encretplomb.ch\/wp-content\/uploads\/2022\/08\/IMG_7358-scaled.jpg?fit=2560%2C1920&amp;ssl=1\" data-orig-size=\"2560,1920\" data-comments-opened=\"0\" data-image-meta=\"{&quot;aperture&quot;:&quot;2.2&quot;,&quot;credit&quot;:&quot;&quot;,&quot;camera&quot;:&quot;iPhone 6&quot;,&quot;caption&quot;:&quot;&quot;,&quot;created_timestamp&quot;:&quot;1582986828&quot;,&quot;copyright&quot;:&quot;&quot;,&quot;focal_length&quot;:&quot;4.15&quot;,&quot;iso&quot;:&quot;32&quot;,&quot;shutter_speed&quot;:&quot;0.03030303030303&quot;,&quot;title&quot;:&quot;&quot;,&quot;orientation&quot;:&quot;0&quot;}\" data-image-title=\"IMG_7358\" data-image-description=\"\" data-image-caption=\"\" data-large-file=\"https:\/\/i0.wp.com\/encretplomb.ch\/wp-content\/uploads\/2022\/08\/IMG_7358-scaled.jpg?fit=580%2C435&amp;ssl=1\" src=\"https:\/\/i0.wp.com\/encretplomb.ch\/wp-content\/uploads\/2022\/08\/IMG_7358.jpg?resize=580%2C435&#038;ssl=1\" alt=\"\" class=\"wp-image-5665\" srcset=\"https:\/\/i0.wp.com\/encretplomb.ch\/wp-content\/uploads\/2022\/08\/IMG_7358-scaled.jpg?resize=1024%2C768&amp;ssl=1 1024w, https:\/\/i0.wp.com\/encretplomb.ch\/wp-content\/uploads\/2022\/08\/IMG_7358-scaled.jpg?resize=300%2C225&amp;ssl=1 300w, https:\/\/i0.wp.com\/encretplomb.ch\/wp-content\/uploads\/2022\/08\/IMG_7358-scaled.jpg?resize=1536%2C1152&amp;ssl=1 1536w, https:\/\/i0.wp.com\/encretplomb.ch\/wp-content\/uploads\/2022\/08\/IMG_7358-scaled.jpg?resize=2048%2C1536&amp;ssl=1 2048w, https:\/\/i0.wp.com\/encretplomb.ch\/wp-content\/uploads\/2022\/08\/IMG_7358-scaled.jpg?resize=1200%2C900&amp;ssl=1 1200w, https:\/\/i0.wp.com\/encretplomb.ch\/wp-content\/uploads\/2022\/08\/IMG_7358-scaled.jpg?resize=1980%2C1485&amp;ssl=1 1980w, https:\/\/i0.wp.com\/encretplomb.ch\/wp-content\/uploads\/2022\/08\/IMG_7358-scaled.jpg?w=1740&amp;ssl=1 1740w\" sizes=\"auto, (max-width: 580px) 100vw, 580px\" \/><\/figure>\n<\/div>\n\n\n\n<div class=\"wp-block-column is-layout-flow wp-block-column-is-layout-flow\">\n<figure class=\"wp-block-image size-large\"><img data-recalc-dims=\"1\" loading=\"lazy\" decoding=\"async\" width=\"580\" height=\"440\" data-attachment-id=\"5664\" data-permalink=\"https:\/\/encretplomb.ch\/034de057-6b22-4e59-a300-dc3c979a2f1f\/\" data-orig-file=\"https:\/\/i0.wp.com\/encretplomb.ch\/wp-content\/uploads\/2022\/08\/034de057-6b22-4e59-a300-dc3c979a2f1f.jpg?fit=1080%2C819&amp;ssl=1\" data-orig-size=\"1080,819\" data-comments-opened=\"0\" data-image-meta=\"{&quot;aperture&quot;:&quot;0&quot;,&quot;credit&quot;:&quot;&quot;,&quot;camera&quot;:&quot;&quot;,&quot;caption&quot;:&quot;&quot;,&quot;created_timestamp&quot;:&quot;0&quot;,&quot;copyright&quot;:&quot;&quot;,&quot;focal_length&quot;:&quot;0&quot;,&quot;iso&quot;:&quot;0&quot;,&quot;shutter_speed&quot;:&quot;0&quot;,&quot;title&quot;:&quot;&quot;,&quot;orientation&quot;:&quot;0&quot;}\" data-image-title=\"034de057-6b22-4e59-a300-dc3c979a2f1f\" data-image-description=\"\" data-image-caption=\"\" data-large-file=\"https:\/\/i0.wp.com\/encretplomb.ch\/wp-content\/uploads\/2022\/08\/034de057-6b22-4e59-a300-dc3c979a2f1f.jpg?fit=580%2C440&amp;ssl=1\" src=\"https:\/\/i0.wp.com\/encretplomb.ch\/wp-content\/uploads\/2022\/08\/034de057-6b22-4e59-a300-dc3c979a2f1f.jpg?resize=580%2C440&#038;ssl=1\" alt=\"\" class=\"wp-image-5664\" srcset=\"https:\/\/i0.wp.com\/encretplomb.ch\/wp-content\/uploads\/2022\/08\/034de057-6b22-4e59-a300-dc3c979a2f1f.jpg?resize=1024%2C777&amp;ssl=1 1024w, https:\/\/i0.wp.com\/encretplomb.ch\/wp-content\/uploads\/2022\/08\/034de057-6b22-4e59-a300-dc3c979a2f1f.jpg?resize=300%2C228&amp;ssl=1 300w, https:\/\/i0.wp.com\/encretplomb.ch\/wp-content\/uploads\/2022\/08\/034de057-6b22-4e59-a300-dc3c979a2f1f.jpg?w=1080&amp;ssl=1 1080w\" sizes=\"auto, (max-width: 580px) 100vw, 580px\" \/><\/figure>\n<\/div>\n<\/div>\n","protected":false},"excerpt":{"rendered":"<p>Journ\u00e9e portes ouvertes 2022 Comme l\u2019an dernier, nous vous attendons \u00e0 la journ\u00e9e \u00ab\u00a0portes ouvertes\u00a0\u00bb \u2026 \u2026le samedi 19 novembre 2022 de 10 heures \u00e0 16 heures\u2026 \u2026avec une invit\u00e9e de marque, Ga\u00eblle Garrocq, linograveuse\u00a0! Outre la pr\u00e9sentation de son mat\u00e9riel, Ga\u00eblle Garrocq gravera sous vos yeux et il y aura deux ateliers d\u2019initiation \u00e0&hellip;<\/p>\n","protected":false},"author":7,"featured_media":5178,"parent":0,"menu_order":9,"comment_status":"closed","ping_status":"closed","template":"templates\/template-full-width.php","meta":{"footnotes":""},"class_list":["post-4093","page","type-page","status-publish","has-post-thumbnail","hentry"],"yoast_head":"<!-- This site is optimized with the Yoast SEO plugin v27.5 - https:\/\/yoast.com\/product\/yoast-seo-wordpress\/ -->\n<title>Portes ouvertes de l&#039;Atelier-Mus\u00e9e 2022 - Atelier-Mus\u00e9e Encre &amp; Plomb<\/title>\n<meta name=\"description\" content=\"Le 20 novembre 2021, journ\u00e9e portes ouvertes \u00e0 l&#039;atelier Encre &amp; Plomb de 10 heures \u00e0 16 heures. Venez d\u00e9couvrir les m\u00e9tiers de la typographie, composition manuelle et m\u00e9canique, l&#039;impression et la reliure\" \/>\n<meta name=\"robots\" content=\"index, follow, max-snippet:-1, max-image-preview:large, max-video-preview:-1\" \/>\n<link rel=\"canonical\" href=\"https:\/\/encretplomb.ch\/index.php\/portes-ouvertes-2021\/\" \/>\n<meta property=\"og:locale\" content=\"fr_FR\" \/>\n<meta property=\"og:type\" content=\"article\" \/>\n<meta property=\"og:title\" content=\"Portes ouvertes de l&#039;Atelier-Mus\u00e9e 2022 - Atelier-Mus\u00e9e Encre &amp; Plomb\" \/>\n<meta property=\"og:description\" content=\"Le 20 novembre 2021, journ\u00e9e portes ouvertes \u00e0 l&#039;atelier Encre &amp; Plomb de 10 heures \u00e0 16 heures. Venez d\u00e9couvrir les m\u00e9tiers de la typographie, composition manuelle et m\u00e9canique, l&#039;impression et la reliure\" \/>\n<meta property=\"og:url\" content=\"https:\/\/encretplomb.ch\/index.php\/portes-ouvertes-2021\/\" \/>\n<meta property=\"og:site_name\" content=\"Atelier-Mus\u00e9e Encre &amp; Plomb\" \/>\n<meta property=\"article:modified_time\" content=\"2022-10-31T12:17:37+00:00\" \/>\n<meta property=\"og:image\" content=\"https:\/\/encretplomb.ch\/wp-content\/uploads\/2021\/10\/Capture-decran-2021-10-24-a-10.30.05.png\" \/>\n\t<meta property=\"og:image:width\" content=\"1246\" \/>\n\t<meta property=\"og:image:height\" content=\"696\" \/>\n\t<meta property=\"og:image:type\" content=\"image\/png\" \/>\n<meta name=\"twitter:card\" content=\"summary_large_image\" \/>\n<meta name=\"twitter:label1\" content=\"Dur\u00e9e de lecture estim\u00e9e\" \/>\n\t<meta name=\"twitter:data1\" content=\"2 minutes\" \/>\n<script type=\"application\/ld+json\" class=\"yoast-schema-graph\">{\"@context\":\"https:\\\/\\\/schema.org\",\"@graph\":[{\"@type\":\"WebPage\",\"@id\":\"https:\\\/\\\/encretplomb.ch\\\/index.php\\\/portes-ouvertes-2021\\\/\",\"url\":\"https:\\\/\\\/encretplomb.ch\\\/index.php\\\/portes-ouvertes-2021\\\/\",\"name\":\"Portes ouvertes de l'Atelier-Mus\u00e9e 2022 - Atelier-Mus\u00e9e Encre &amp; Plomb\",\"isPartOf\":{\"@id\":\"https:\\\/\\\/encretplomb.ch\\\/#website\"},\"primaryImageOfPage\":{\"@id\":\"https:\\\/\\\/encretplomb.ch\\\/index.php\\\/portes-ouvertes-2021\\\/#primaryimage\"},\"image\":{\"@id\":\"https:\\\/\\\/encretplomb.ch\\\/index.php\\\/portes-ouvertes-2021\\\/#primaryimage\"},\"thumbnailUrl\":\"https:\\\/\\\/i0.wp.com\\\/encretplomb.ch\\\/wp-content\\\/uploads\\\/2021\\\/10\\\/Capture-decran-2021-10-24-a-10.30.05.png?fit=1246%2C696&ssl=1\",\"datePublished\":\"2021-05-09T09:21:59+00:00\",\"dateModified\":\"2022-10-31T12:17:37+00:00\",\"description\":\"Le 20 novembre 2021, journ\u00e9e portes ouvertes \u00e0 l'atelier Encre & Plomb de 10 heures \u00e0 16 heures. Venez d\u00e9couvrir les m\u00e9tiers de la typographie, composition manuelle et m\u00e9canique, l'impression et la reliure\",\"breadcrumb\":{\"@id\":\"https:\\\/\\\/encretplomb.ch\\\/index.php\\\/portes-ouvertes-2021\\\/#breadcrumb\"},\"inLanguage\":\"fr-FR\",\"potentialAction\":[{\"@type\":\"ReadAction\",\"target\":[\"https:\\\/\\\/encretplomb.ch\\\/index.php\\\/portes-ouvertes-2021\\\/\"]}]},{\"@type\":\"ImageObject\",\"inLanguage\":\"fr-FR\",\"@id\":\"https:\\\/\\\/encretplomb.ch\\\/index.php\\\/portes-ouvertes-2021\\\/#primaryimage\",\"url\":\"https:\\\/\\\/i0.wp.com\\\/encretplomb.ch\\\/wp-content\\\/uploads\\\/2021\\\/10\\\/Capture-decran-2021-10-24-a-10.30.05.png?fit=1246%2C696&ssl=1\",\"contentUrl\":\"https:\\\/\\\/i0.wp.com\\\/encretplomb.ch\\\/wp-content\\\/uploads\\\/2021\\\/10\\\/Capture-decran-2021-10-24-a-10.30.05.png?fit=1246%2C696&ssl=1\",\"width\":1246,\"height\":696},{\"@type\":\"BreadcrumbList\",\"@id\":\"https:\\\/\\\/encretplomb.ch\\\/index.php\\\/portes-ouvertes-2021\\\/#breadcrumb\",\"itemListElement\":[{\"@type\":\"ListItem\",\"position\":1,\"name\":\"Accueil\",\"item\":\"https:\\\/\\\/encretplomb.ch\\\/\"},{\"@type\":\"ListItem\",\"position\":2,\"name\":\"Portes ouvertes de l&rsquo;Atelier-Mus\u00e9e 2022\"}]},{\"@type\":\"WebSite\",\"@id\":\"https:\\\/\\\/encretplomb.ch\\\/#website\",\"url\":\"https:\\\/\\\/encretplomb.ch\\\/\",\"name\":\"Atelier-Mus\u00e9e Encre &amp; Plomb\",\"description\":\"Mus\u00e9e vivant de la typographie\",\"publisher\":{\"@id\":\"https:\\\/\\\/encretplomb.ch\\\/#organization\"},\"potentialAction\":[{\"@type\":\"SearchAction\",\"target\":{\"@type\":\"EntryPoint\",\"urlTemplate\":\"https:\\\/\\\/encretplomb.ch\\\/?s={search_term_string}\"},\"query-input\":{\"@type\":\"PropertyValueSpecification\",\"valueRequired\":true,\"valueName\":\"search_term_string\"}}],\"inLanguage\":\"fr-FR\"},{\"@type\":\"Organization\",\"@id\":\"https:\\\/\\\/encretplomb.ch\\\/#organization\",\"name\":\"Atelier Mus\u00e9e de la Typographie\",\"url\":\"https:\\\/\\\/encretplomb.ch\\\/\",\"logo\":{\"@type\":\"ImageObject\",\"inLanguage\":\"fr-FR\",\"@id\":\"https:\\\/\\\/encretplomb.ch\\\/#\\\/schema\\\/logo\\\/image\\\/\",\"url\":\"https:\\\/\\\/i0.wp.com\\\/encretplomb.ch\\\/wp-content\\\/uploads\\\/2021\\\/05\\\/cropped-Logo_AEP-12-1.04.18-Original-.jpg?fit=1591%2C653&ssl=1\",\"contentUrl\":\"https:\\\/\\\/i0.wp.com\\\/encretplomb.ch\\\/wp-content\\\/uploads\\\/2021\\\/05\\\/cropped-Logo_AEP-12-1.04.18-Original-.jpg?fit=1591%2C653&ssl=1\",\"width\":1591,\"height\":653,\"caption\":\"Atelier Mus\u00e9e de la Typographie\"},\"image\":{\"@id\":\"https:\\\/\\\/encretplomb.ch\\\/#\\\/schema\\\/logo\\\/image\\\/\"}}]}<\/script>\n<!-- \/ Yoast SEO plugin. -->","yoast_head_json":{"title":"Portes ouvertes de l'Atelier-Mus\u00e9e 2022 - Atelier-Mus\u00e9e Encre &amp; Plomb","description":"Le 20 novembre 2021, journ\u00e9e portes ouvertes \u00e0 l'atelier Encre & Plomb de 10 heures \u00e0 16 heures. Venez d\u00e9couvrir les m\u00e9tiers de la typographie, composition manuelle et m\u00e9canique, l'impression et la reliure","robots":{"index":"index","follow":"follow","max-snippet":"max-snippet:-1","max-image-preview":"max-image-preview:large","max-video-preview":"max-video-preview:-1"},"canonical":"https:\/\/encretplomb.ch\/index.php\/portes-ouvertes-2021\/","og_locale":"fr_FR","og_type":"article","og_title":"Portes ouvertes de l'Atelier-Mus\u00e9e 2022 - Atelier-Mus\u00e9e Encre &amp; Plomb","og_description":"Le 20 novembre 2021, journ\u00e9e portes ouvertes \u00e0 l'atelier Encre & Plomb de 10 heures \u00e0 16 heures. Venez d\u00e9couvrir les m\u00e9tiers de la typographie, composition manuelle et m\u00e9canique, l'impression et la reliure","og_url":"https:\/\/encretplomb.ch\/index.php\/portes-ouvertes-2021\/","og_site_name":"Atelier-Mus\u00e9e Encre &amp; Plomb","article_modified_time":"2022-10-31T12:17:37+00:00","og_image":[{"width":1246,"height":696,"url":"https:\/\/encretplomb.ch\/wp-content\/uploads\/2021\/10\/Capture-decran-2021-10-24-a-10.30.05.png","type":"image\/png"}],"twitter_card":"summary_large_image","twitter_misc":{"Dur\u00e9e de lecture estim\u00e9e":"2 minutes"},"schema":{"@context":"https:\/\/schema.org","@graph":[{"@type":"WebPage","@id":"https:\/\/encretplomb.ch\/index.php\/portes-ouvertes-2021\/","url":"https:\/\/encretplomb.ch\/index.php\/portes-ouvertes-2021\/","name":"Portes ouvertes de l'Atelier-Mus\u00e9e 2022 - Atelier-Mus\u00e9e Encre &amp; Plomb","isPartOf":{"@id":"https:\/\/encretplomb.ch\/#website"},"primaryImageOfPage":{"@id":"https:\/\/encretplomb.ch\/index.php\/portes-ouvertes-2021\/#primaryimage"},"image":{"@id":"https:\/\/encretplomb.ch\/index.php\/portes-ouvertes-2021\/#primaryimage"},"thumbnailUrl":"https:\/\/i0.wp.com\/encretplomb.ch\/wp-content\/uploads\/2021\/10\/Capture-decran-2021-10-24-a-10.30.05.png?fit=1246%2C696&ssl=1","datePublished":"2021-05-09T09:21:59+00:00","dateModified":"2022-10-31T12:17:37+00:00","description":"Le 20 novembre 2021, journ\u00e9e portes ouvertes \u00e0 l'atelier Encre & Plomb de 10 heures \u00e0 16 heures. Venez d\u00e9couvrir les m\u00e9tiers de la typographie, composition manuelle et m\u00e9canique, l'impression et la reliure","breadcrumb":{"@id":"https:\/\/encretplomb.ch\/index.php\/portes-ouvertes-2021\/#breadcrumb"},"inLanguage":"fr-FR","potentialAction":[{"@type":"ReadAction","target":["https:\/\/encretplomb.ch\/index.php\/portes-ouvertes-2021\/"]}]},{"@type":"ImageObject","inLanguage":"fr-FR","@id":"https:\/\/encretplomb.ch\/index.php\/portes-ouvertes-2021\/#primaryimage","url":"https:\/\/i0.wp.com\/encretplomb.ch\/wp-content\/uploads\/2021\/10\/Capture-decran-2021-10-24-a-10.30.05.png?fit=1246%2C696&ssl=1","contentUrl":"https:\/\/i0.wp.com\/encretplomb.ch\/wp-content\/uploads\/2021\/10\/Capture-decran-2021-10-24-a-10.30.05.png?fit=1246%2C696&ssl=1","width":1246,"height":696},{"@type":"BreadcrumbList","@id":"https:\/\/encretplomb.ch\/index.php\/portes-ouvertes-2021\/#breadcrumb","itemListElement":[{"@type":"ListItem","position":1,"name":"Accueil","item":"https:\/\/encretplomb.ch\/"},{"@type":"ListItem","position":2,"name":"Portes ouvertes de l&rsquo;Atelier-Mus\u00e9e 2022"}]},{"@type":"WebSite","@id":"https:\/\/encretplomb.ch\/#website","url":"https:\/\/encretplomb.ch\/","name":"Atelier-Mus\u00e9e Encre &amp; Plomb","description":"Mus\u00e9e vivant de la typographie","publisher":{"@id":"https:\/\/encretplomb.ch\/#organization"},"potentialAction":[{"@type":"SearchAction","target":{"@type":"EntryPoint","urlTemplate":"https:\/\/encretplomb.ch\/?s={search_term_string}"},"query-input":{"@type":"PropertyValueSpecification","valueRequired":true,"valueName":"search_term_string"}}],"inLanguage":"fr-FR"},{"@type":"Organization","@id":"https:\/\/encretplomb.ch\/#organization","name":"Atelier Mus\u00e9e de la Typographie","url":"https:\/\/encretplomb.ch\/","logo":{"@type":"ImageObject","inLanguage":"fr-FR","@id":"https:\/\/encretplomb.ch\/#\/schema\/logo\/image\/","url":"https:\/\/i0.wp.com\/encretplomb.ch\/wp-content\/uploads\/2021\/05\/cropped-Logo_AEP-12-1.04.18-Original-.jpg?fit=1591%2C653&ssl=1","contentUrl":"https:\/\/i0.wp.com\/encretplomb.ch\/wp-content\/uploads\/2021\/05\/cropped-Logo_AEP-12-1.04.18-Original-.jpg?fit=1591%2C653&ssl=1","width":1591,"height":653,"caption":"Atelier Mus\u00e9e de la Typographie"},"image":{"@id":"https:\/\/encretplomb.ch\/#\/schema\/logo\/image\/"}}]}},"jetpack_sharing_enabled":true,"_links":{"self":[{"href":"https:\/\/encretplomb.ch\/index.php\/wp-json\/wp\/v2\/pages\/4093","targetHints":{"allow":["GET"]}}],"collection":[{"href":"https:\/\/encretplomb.ch\/index.php\/wp-json\/wp\/v2\/pages"}],"about":[{"href":"https:\/\/encretplomb.ch\/index.php\/wp-json\/wp\/v2\/types\/page"}],"author":[{"embeddable":true,"href":"https:\/\/encretplomb.ch\/index.php\/wp-json\/wp\/v2\/users\/7"}],"replies":[{"embeddable":true,"href":"https:\/\/encretplomb.ch\/index.php\/wp-json\/wp\/v2\/comments?post=4093"}],"version-history":[{"count":37,"href":"https:\/\/encretplomb.ch\/index.php\/wp-json\/wp\/v2\/pages\/4093\/revisions"}],"predecessor-version":[{"id":5668,"href":"https:\/\/encretplomb.ch\/index.php\/wp-json\/wp\/v2\/pages\/4093\/revisions\/5668"}],"wp:featuredmedia":[{"embeddable":true,"href":"https:\/\/encretplomb.ch\/index.php\/wp-json\/wp\/v2\/media\/5178"}],"wp:attachment":[{"href":"https:\/\/encretplomb.ch\/index.php\/wp-json\/wp\/v2\/media?parent=4093"}],"curies":[{"name":"wp","href":"https:\/\/api.w.org\/{rel}","templated":true}]}}