{"id":5332,"date":"2022-07-11T11:39:47","date_gmt":"2022-07-11T09:39:47","guid":{"rendered":"https:\/\/encretplomb.ch\/?p=5332"},"modified":"2025-11-27T15:59:56","modified_gmt":"2025-11-27T14:59:56","slug":"activites","status":"publish","type":"page","link":"https:\/\/encretplomb.ch\/index.php\/activites\/","title":{"rendered":"Activit\u00e9s du mus\u00e9e encre et plomb"},"content":{"rendered":"\n\n\n<h2 class=\"wp-block-heading tw-mb-2 tw-mt-0\">Reflets des activit\u00e9s de l\u2019Atelier-Mus\u00e9e, les films<\/h2>\n\n\n\n<p>L&rsquo;impression typographique, film tourn\u00e9 en juillet 2022, voir <a href=\"https:\/\/encretplomb.ch\/index.php\/2022\/07\/11\/limpression-typographique\/\">l&rsquo;article<\/a><br \/>Le m\u00e9tier de compositeur-typographe, film tourn\u00e9 en mars 2022, voir <a href=\"https:\/\/encretplomb.ch\/index.php\/compositeur-typographe\/\">l&rsquo;article<\/a><br \/>Visite d\u00e9couverte de la typographie, par des \u00e9l\u00e8ves en septembre 2021, voir <a href=\"https:\/\/encretplomb.ch\/index.php\/visite-decouverte-de-la-typographie\/\">l&rsquo;article<\/a><br \/>La reliure artisanale, film tourn\u00e9 en juillet 2021, voir <a href=\"https:\/\/encretplomb.ch\/index.php\/la-reliure-artisanale\/\">l&rsquo;article<\/a><br \/>La composition chaude, film tourn\u00e9 en juillet 2020, voir <a href=\"https:\/\/encretplomb.ch\/index.php\/linotype\/\">l&rsquo;article<\/a><br \/>Pr\u00e9sentation du livre \u00ab Typographes et imprimeurs en suisse \u00bb, voir <a href=\"https:\/\/encretplomb.ch\/index.php\/presentation-du-livre\/\">l&rsquo;article<\/a><\/p>\n\n\n\n<h6 class=\"wp-block-heading tw-mb-2 tw-mt-0\">Les portes ouvertes <a href=\"https:\/\/encretplomb.ch\/index.php\/portes-ouvertes-2025\/\">2025 <\/a><a href=\"https:\/\/encretplomb.ch\/index.php\/portes-ouvertes-2023\/\">2023<\/a> <a href=\"https:\/\/encretplomb.ch\/index.php\/portes-ouvertes-2022\/\">2022<\/a> <a href=\"https:\/\/encretplomb.ch\/index.php\/2021\/12\/13\/portes-ouvertes-2021-2\/\">2021<\/a><\/h6>\n\n\n\n<p>D\u00e9monstrations de la typographie<br>&#8211; Composition manuelle et m\u00e9canique<br>&#8211; Impression sur diverses presses<br>&#8211; Impression d&rsquo;un marque-page personnalis\u00e9<br><br>Portes ouvertes du <a href=\"https:\/\/encretplomb.ch\/index.php\/2019\/10\/19\/portes-ouvertes-2019\/\">20<sup>\u00e8me<\/sup> anniversaire<\/a> 2019 et <a href=\"https:\/\/encretplomb.ch\/index.php\/25e-anniversaire-de-latelier-musee-encre-plomb\/\">25<sup>\u00e8me<\/sup> anniversaire<\/a> 2024<\/p>\n\n\n\n<p>Atelier de linogravure <a href=\"https:\/\/encretplomb.ch\/index.php\/atelier-linogravure-le-13-avril-2024\/\">2024<\/a><\/p>\n\n\n\n<h2 class=\"wp-block-heading tw-mb-2 tw-mt-0\">Les visites<\/h2>\n\n\n\n<p>Classe Echandens<br>Coll\u00e8ge du L\u00e9man<br>Contemporains Stucki<br>Classe Ecublens<br>Patrimoine Suisse<br>Amicale des pompiers Chavannes<br>Association Chocolaterie<br>Classe de Lausanne<br>Classe de Rolle<br>Classe ERACOM<br>Artistes de Saillon<br>Classe de Rolle<br>Groupe de Chavannes-pr\u00e8s-Renens<br>Classe 7H, Ursy<br>Assembl\u00e9e Club des conducteurs<br>Classe 8P, Ecublens<br>Prosenectute<br>Seniors de Versoix<\/p>\n\n\n\n<h2 class=\"wp-block-heading tw-mb-2 tw-mt-0\">Les autres<\/h2>\n\n\n\n<p>Une d\u00e9couverte de la typographie CPNV <a href=\"https:\/\/encretplomb.ch\/index.php\/visite-decouverte-de-la-typographie\/\">\u27a4<\/a><br>F\u00eate du livre \u00e0 St Pierre.de.Clages 2019 <a href=\"https:\/\/encretplomb.ch\/index.php\/st-pierre-de-clages-2019\/\">\u27a4<\/a><br>20e F\u00eate du livre \u00e0 Gruy\u00e8res 2018 <a href=\"https:\/\/encretplomb.ch\/index.php\/gruyere-2018\/\">\u27a4<\/a><br>Une classe de l&rsquo;ECAL en visite 2018 <a href=\"https:\/\/encretplomb.ch\/index.php\/une-classe-de-lecal\/\">\u27a4<\/a><br>TSR, Couleurs locales en 2018 <a href=\"https:\/\/encretplomb.ch\/index.php\/la-rts-a-latelier\/\">\u27a4<\/a><br>TSR, Couleurs locales en 2024 <a href=\"https:\/\/films.encretplomb.ch\/RTS-25e.mp4\" target=\"_blank\" rel=\"noreferrer noopener\">\u27a4<\/a><br>Assembl\u00e9e g\u00e9n\u00e9rale <a href=\"https:\/\/encretplomb.ch\/index.php\/assemblee-generale-2025\/\">2025 \u27a4<\/a>,<a href=\"https:\/\/encretplomb.ch\/index.php\/assemblee-generale-2024\/\">2024 \u27a4<\/a>,<a href=\"https:\/\/encretplomb.ch\/index.php\/assemblee-generale-2023\/\">2023 \u27a4<\/a>, <a href=\"https:\/\/encretplomb.ch\/index.php\/2022\/03\/21\/assemblee-generale-2022\/\">2022 \u27a4<\/a>, <a href=\"https:\/\/encretplomb.ch\/index.php\/2021\/10\/27\/ag-2021\/\">2021 \u27a4<\/a>, <a href=\"https:\/\/encretplomb.ch\/index.php\/ag-encre-plomb\">2019 \u27a4<\/a><\/p>\n\n\n\n<div class=\"wp-block-columns is-layout-flex wp-container-core-columns-is-layout-d0b3c9c8 wp-block-columns-is-layout-flex\">\n<div class=\"wp-block-column is-layout-flow wp-block-column-is-layout-flow\" style=\"--col-width:33.33%;flex-basis:33.33%\">\n<div class=\"wp-block-columns is-layout-flex wp-container-core-columns-is-layout-d0b3c9c8 wp-block-columns-is-layout-flex\"><\/div>\n<\/div>\n<\/div>\n","protected":false},"excerpt":{"rendered":"<p>Reflets des activit\u00e9s de l\u2019Atelier-Mus\u00e9e, les films L&rsquo;impression typographique, film tourn\u00e9 en juillet 2022, voir l&rsquo;articleLe m\u00e9tier de compositeur-typographe, film tourn\u00e9 en mars 2022, voir l&rsquo;articleVisite d\u00e9couverte de la typographie, par des \u00e9l\u00e8ves en septembre 2021, voir l&rsquo;articleLa reliure artisanale, film tourn\u00e9 en juillet 2021, voir l&rsquo;articleLa composition chaude, film tourn\u00e9 en juillet 2020, voir&hellip;<\/p>\n","protected":false},"author":7,"featured_media":0,"parent":0,"menu_order":13,"comment_status":"closed","ping_status":"closed","template":"templates\/template-full-width.php","meta":{"footnotes":""},"class_list":["post-5332","page","type-page","status-publish","hentry"],"yoast_head":"<!-- This site is optimized with the Yoast SEO plugin v27.3 - https:\/\/yoast.com\/product\/yoast-seo-wordpress\/ -->\n<title>Activit\u00e9s du mus\u00e9e encre et plomb - Atelier-Mus\u00e9e Encre &amp; Plomb<\/title>\n<meta name=\"robots\" content=\"index, follow, max-snippet:-1, max-image-preview:large, max-video-preview:-1\" \/>\n<link rel=\"canonical\" href=\"https:\/\/encretplomb.ch\/index.php\/activites\/\" \/>\n<meta property=\"og:locale\" content=\"fr_FR\" \/>\n<meta property=\"og:type\" content=\"article\" \/>\n<meta property=\"og:title\" content=\"Activit\u00e9s du mus\u00e9e encre et plomb - Atelier-Mus\u00e9e Encre &amp; Plomb\" \/>\n<meta property=\"og:description\" content=\"Reflets des activit\u00e9s de l\u2019Atelier-Mus\u00e9e, les films L&rsquo;impression typographique, film tourn\u00e9 en juillet 2022, voir l&rsquo;articleLe m\u00e9tier de compositeur-typographe, film tourn\u00e9 en mars 2022, voir l&rsquo;articleVisite d\u00e9couverte de la typographie, par des \u00e9l\u00e8ves en septembre 2021, voir l&rsquo;articleLa reliure artisanale, film tourn\u00e9 en juillet 2021, voir l&rsquo;articleLa composition chaude, film tourn\u00e9 en juillet 2020, voir&hellip;\" \/>\n<meta property=\"og:url\" content=\"https:\/\/encretplomb.ch\/index.php\/activites\/\" \/>\n<meta property=\"og:site_name\" content=\"Atelier-Mus\u00e9e Encre &amp; Plomb\" \/>\n<meta property=\"article:modified_time\" content=\"2025-11-27T14:59:56+00:00\" \/>\n<meta name=\"twitter:card\" content=\"summary_large_image\" \/>\n<meta name=\"twitter:label1\" content=\"Dur\u00e9e de lecture estim\u00e9e\" \/>\n\t<meta name=\"twitter:data1\" content=\"2 minutes\" \/>\n<script type=\"application\/ld+json\" class=\"yoast-schema-graph\">{\"@context\":\"https:\\\/\\\/schema.org\",\"@graph\":[{\"@type\":\"WebPage\",\"@id\":\"https:\\\/\\\/encretplomb.ch\\\/index.php\\\/activites\\\/\",\"url\":\"https:\\\/\\\/encretplomb.ch\\\/index.php\\\/activites\\\/\",\"name\":\"Activit\u00e9s du mus\u00e9e encre et plomb - Atelier-Mus\u00e9e Encre &amp; Plomb\",\"isPartOf\":{\"@id\":\"https:\\\/\\\/encretplomb.ch\\\/#website\"},\"datePublished\":\"2022-07-11T09:39:47+00:00\",\"dateModified\":\"2025-11-27T14:59:56+00:00\",\"breadcrumb\":{\"@id\":\"https:\\\/\\\/encretplomb.ch\\\/index.php\\\/activites\\\/#breadcrumb\"},\"inLanguage\":\"fr-FR\",\"potentialAction\":[{\"@type\":\"ReadAction\",\"target\":[\"https:\\\/\\\/encretplomb.ch\\\/index.php\\\/activites\\\/\"]}]},{\"@type\":\"BreadcrumbList\",\"@id\":\"https:\\\/\\\/encretplomb.ch\\\/index.php\\\/activites\\\/#breadcrumb\",\"itemListElement\":[{\"@type\":\"ListItem\",\"position\":1,\"name\":\"Accueil\",\"item\":\"https:\\\/\\\/encretplomb.ch\\\/\"},{\"@type\":\"ListItem\",\"position\":2,\"name\":\"Activit\u00e9s du mus\u00e9e encre et plomb\"}]},{\"@type\":\"WebSite\",\"@id\":\"https:\\\/\\\/encretplomb.ch\\\/#website\",\"url\":\"https:\\\/\\\/encretplomb.ch\\\/\",\"name\":\"Atelier-Mus\u00e9e Encre &amp; Plomb\",\"description\":\"Mus\u00e9e vivant de la typographie\",\"publisher\":{\"@id\":\"https:\\\/\\\/encretplomb.ch\\\/#organization\"},\"potentialAction\":[{\"@type\":\"SearchAction\",\"target\":{\"@type\":\"EntryPoint\",\"urlTemplate\":\"https:\\\/\\\/encretplomb.ch\\\/?s={search_term_string}\"},\"query-input\":{\"@type\":\"PropertyValueSpecification\",\"valueRequired\":true,\"valueName\":\"search_term_string\"}}],\"inLanguage\":\"fr-FR\"},{\"@type\":\"Organization\",\"@id\":\"https:\\\/\\\/encretplomb.ch\\\/#organization\",\"name\":\"Atelier Mus\u00e9e de la Typographie\",\"url\":\"https:\\\/\\\/encretplomb.ch\\\/\",\"logo\":{\"@type\":\"ImageObject\",\"inLanguage\":\"fr-FR\",\"@id\":\"https:\\\/\\\/encretplomb.ch\\\/#\\\/schema\\\/logo\\\/image\\\/\",\"url\":\"https:\\\/\\\/i0.wp.com\\\/encretplomb.ch\\\/wp-content\\\/uploads\\\/2021\\\/05\\\/cropped-Logo_AEP-12-1.04.18-Original-.jpg?fit=1591%2C653&ssl=1\",\"contentUrl\":\"https:\\\/\\\/i0.wp.com\\\/encretplomb.ch\\\/wp-content\\\/uploads\\\/2021\\\/05\\\/cropped-Logo_AEP-12-1.04.18-Original-.jpg?fit=1591%2C653&ssl=1\",\"width\":1591,\"height\":653,\"caption\":\"Atelier Mus\u00e9e de la Typographie\"},\"image\":{\"@id\":\"https:\\\/\\\/encretplomb.ch\\\/#\\\/schema\\\/logo\\\/image\\\/\"}}]}<\/script>\n<!-- \/ Yoast SEO plugin. -->","yoast_head_json":{"title":"Activit\u00e9s du mus\u00e9e encre et plomb - Atelier-Mus\u00e9e Encre &amp; Plomb","robots":{"index":"index","follow":"follow","max-snippet":"max-snippet:-1","max-image-preview":"max-image-preview:large","max-video-preview":"max-video-preview:-1"},"canonical":"https:\/\/encretplomb.ch\/index.php\/activites\/","og_locale":"fr_FR","og_type":"article","og_title":"Activit\u00e9s du mus\u00e9e encre et plomb - Atelier-Mus\u00e9e Encre &amp; Plomb","og_description":"Reflets des activit\u00e9s de l\u2019Atelier-Mus\u00e9e, les films L&rsquo;impression typographique, film tourn\u00e9 en juillet 2022, voir l&rsquo;articleLe m\u00e9tier de compositeur-typographe, film tourn\u00e9 en mars 2022, voir l&rsquo;articleVisite d\u00e9couverte de la typographie, par des \u00e9l\u00e8ves en septembre 2021, voir l&rsquo;articleLa reliure artisanale, film tourn\u00e9 en juillet 2021, voir l&rsquo;articleLa composition chaude, film tourn\u00e9 en juillet 2020, voir&hellip;","og_url":"https:\/\/encretplomb.ch\/index.php\/activites\/","og_site_name":"Atelier-Mus\u00e9e Encre &amp; Plomb","article_modified_time":"2025-11-27T14:59:56+00:00","twitter_card":"summary_large_image","twitter_misc":{"Dur\u00e9e de lecture estim\u00e9e":"2 minutes"},"schema":{"@context":"https:\/\/schema.org","@graph":[{"@type":"WebPage","@id":"https:\/\/encretplomb.ch\/index.php\/activites\/","url":"https:\/\/encretplomb.ch\/index.php\/activites\/","name":"Activit\u00e9s du mus\u00e9e encre et plomb - Atelier-Mus\u00e9e Encre &amp; Plomb","isPartOf":{"@id":"https:\/\/encretplomb.ch\/#website"},"datePublished":"2022-07-11T09:39:47+00:00","dateModified":"2025-11-27T14:59:56+00:00","breadcrumb":{"@id":"https:\/\/encretplomb.ch\/index.php\/activites\/#breadcrumb"},"inLanguage":"fr-FR","potentialAction":[{"@type":"ReadAction","target":["https:\/\/encretplomb.ch\/index.php\/activites\/"]}]},{"@type":"BreadcrumbList","@id":"https:\/\/encretplomb.ch\/index.php\/activites\/#breadcrumb","itemListElement":[{"@type":"ListItem","position":1,"name":"Accueil","item":"https:\/\/encretplomb.ch\/"},{"@type":"ListItem","position":2,"name":"Activit\u00e9s du mus\u00e9e encre et plomb"}]},{"@type":"WebSite","@id":"https:\/\/encretplomb.ch\/#website","url":"https:\/\/encretplomb.ch\/","name":"Atelier-Mus\u00e9e Encre &amp; Plomb","description":"Mus\u00e9e vivant de la typographie","publisher":{"@id":"https:\/\/encretplomb.ch\/#organization"},"potentialAction":[{"@type":"SearchAction","target":{"@type":"EntryPoint","urlTemplate":"https:\/\/encretplomb.ch\/?s={search_term_string}"},"query-input":{"@type":"PropertyValueSpecification","valueRequired":true,"valueName":"search_term_string"}}],"inLanguage":"fr-FR"},{"@type":"Organization","@id":"https:\/\/encretplomb.ch\/#organization","name":"Atelier Mus\u00e9e de la Typographie","url":"https:\/\/encretplomb.ch\/","logo":{"@type":"ImageObject","inLanguage":"fr-FR","@id":"https:\/\/encretplomb.ch\/#\/schema\/logo\/image\/","url":"https:\/\/i0.wp.com\/encretplomb.ch\/wp-content\/uploads\/2021\/05\/cropped-Logo_AEP-12-1.04.18-Original-.jpg?fit=1591%2C653&ssl=1","contentUrl":"https:\/\/i0.wp.com\/encretplomb.ch\/wp-content\/uploads\/2021\/05\/cropped-Logo_AEP-12-1.04.18-Original-.jpg?fit=1591%2C653&ssl=1","width":1591,"height":653,"caption":"Atelier Mus\u00e9e de la Typographie"},"image":{"@id":"https:\/\/encretplomb.ch\/#\/schema\/logo\/image\/"}}]}},"jetpack_sharing_enabled":true,"_links":{"self":[{"href":"https:\/\/encretplomb.ch\/index.php\/wp-json\/wp\/v2\/pages\/5332","targetHints":{"allow":["GET"]}}],"collection":[{"href":"https:\/\/encretplomb.ch\/index.php\/wp-json\/wp\/v2\/pages"}],"about":[{"href":"https:\/\/encretplomb.ch\/index.php\/wp-json\/wp\/v2\/types\/page"}],"author":[{"embeddable":true,"href":"https:\/\/encretplomb.ch\/index.php\/wp-json\/wp\/v2\/users\/7"}],"replies":[{"embeddable":true,"href":"https:\/\/encretplomb.ch\/index.php\/wp-json\/wp\/v2\/comments?post=5332"}],"version-history":[{"count":107,"href":"https:\/\/encretplomb.ch\/index.php\/wp-json\/wp\/v2\/pages\/5332\/revisions"}],"predecessor-version":[{"id":6296,"href":"https:\/\/encretplomb.ch\/index.php\/wp-json\/wp\/v2\/pages\/5332\/revisions\/6296"}],"wp:attachment":[{"href":"https:\/\/encretplomb.ch\/index.php\/wp-json\/wp\/v2\/media?parent=5332"}],"curies":[{"name":"wp","href":"https:\/\/api.w.org\/{rel}","templated":true}]}}